the thousands digit of m(-13)?
3
Let f = -17 - -17. Suppose -3*y + 144 - 57 = f. What is the units digit of y?
9
Let c(r) = r**3 + 8*r**2 + 11*r + 15. Let d be c(-6). What is the tens digit of 8*d*(-4)/(-24)?
2
Let a be 4/(-22) + (-24)/(-11) - 11. Let i = a - -105. What is the tens digit of i?
9
Suppose -47 = -3*d - 2. Let x = d + -12. Suppose x*l = -24 + 207. What is the units digit of l?
1
Suppose 3499 + 6691 = 10*n. What is the tens digit of n?
1
Let q(o) = -5*o + 15. Let f be q(7). What is the units digit of 36 - (-12)/(f/(-5))?
9
Let o be (-1 - 2/(-2)) + 0. Let f be (-14 - -10)*(0 - 1). Suppose c = 4*z - 2, f*z - 8 = -2*c - o*z. What is the units digit of c?
2
Suppose 0 = 179*w - 172*w - 119. What is the units digit of w?
7
What is the tens digit of 5 + (6 - 21150/(-9))?
6
Suppose z - 4 = 4*u - 0, 3*u = -z + 4. Suppose -z*a - 5*p = 39 - 172, -99 = -3*a - 4*p. What is the tens digit of a?
3
Let n(d) = d + 21. Let g be n(-12). Suppose -w - g = -10. What is the units digit of (1 + (0 - -16))/w?
7
Let a = 6 + -17. Let d = -7 - a. Suppose b - d*b + 69 = 0. What is the units digit of b?
3
Suppose -1864 = -8*d - 72. What is the hundreds digit of d?
2
Let c = -197 - -500. What is the hundreds digit of c?
3
Let g(w) = -w**2 + 4*w + 4. Let n be g(6). Let s(k) = -k - 10. Let l(c) = -3*c - 21. Let u(z) = 3*l(z) - 7*s(z). What is the tens digit of u(n)?
2
Let u(s) = s**2 + 3*s + 2. Let p be u(-3). Let j(c) = c**3 + 0*c**3 + 9*c**p + 7 - 4*c**2 - c. What is the tens digit of j(-5)?
1
Let f = 767 + 625. What is the hundreds digit of f?
3
Let k(w) = -9 + 18*w + 6*w - w**3 - 32*w + 9*w**2 + 21. Suppose c + d - 9 = 0, -5*c + 4*d + 1 + 35 = 0. What is the units digit of k(c)?
2
Let a be (12/24)/((-2)/(-208)). Let w = -18 + a. What is the units digit of w?
4
Suppose 4*k = -0*k + 20. Suppose -3*n = k*n - 2000. Suppose 5*i + 2*t - n = 0, -i = t + 4*t - 73. What is the units digit of i?
8
Suppose 3*n + 418 - 514 = 0. What is the tens digit of n?
3
Let y(s) = s**3 + 11*s**2 + 4*s + 2. Let b be y(-5). Suppose 0 = 6*p - 0*p - b. What is the tens digit of p?
2
Suppose -1 = -s, -31*g + 30*g - 4*s = -1055. What is the units digit of g?
1
Suppose -5*z + q + 4379 = 0, 68*q - 1 = 67*q. What is the tens digit of z?
7
Let b be (1 + -3)*(-3)/((-3)/(-16)). Let y = -12 + b. What is the units digit of y?
0
What is the units digit of 8 + (-1019)/(-2)*4?
6
Let u = 394 - 201. What is the units digit of u?
3
Let j be (3*3)/(9 + -6). Suppose 0 = 6*t - j*t - 39. What is the tens digit of t?
1
Let h = 39 - 49. Let x(y) = 2*y**2 + 9*y - 14. What is the units digit of x(h)?
6
Let w(j) = -114*j - 35. What is the units digit of w(-9)?
1
Let d = -344 + 2344. What is the units digit of d?
0
Let g(m) = 13*m. Let h be g(3). Suppose 6*q + h = 147. Suppose 0 = -6*r - q + 342. What is the tens digit of r?
5
Let k(w) = 6*w**2 - 2*w + 3. Suppose c - 2*y + 4 = 0, -2*c = 2*c + y - 11. Suppose -u = -2*u + c. What is the tens digit of k(u)?
2
Let b(d) = d**3 + 11*d**2 - 6*d - 4. Let u be b(-11). Let h = u + 13. What is the tens digit of h?
7
Let a = 59 - 53. What is the units digit of a/(-2) - (-4 + -69)?
0
What is the hundreds digit of ((-64)/(-160))/(1/10) + 402?
4
Let p(d) = 9*d - 3. Let m be p(1). Suppose -m*a - 2 = -5*a. Let r(j) = -15*j + 3. What is the tens digit of r(a)?
3
Suppose -5*t + 31 = -2*n, t + 2*t = -5*n. Let a be 4/12 + t/3. Suppose -3*k - 2*k - 2*b = -85, 20 = 2*k - a*b. What is the units digit of k?
5
Suppose -2*p + 3*p = 5. Suppose p*q - 239 = -4*j, j - 4*q = -19 + 84. What is the tens digit of j?
6
Let v be (-203775)/(-231) + (-2)/14. Suppose 3*t - 2*d - 769 = 0, -v - 401 = -5*t + 2*d. What is the hundreds digit of t?
2
Let i be (-2 + -4)*(-2)/(-6). Let k(l) = l**2. Let d be k(i). What is the units digit of -1*8*(-21)/d?
2
Let h be -5*(0 + 1)*1. Suppose 8*n - 27*n - 57 = 0. What is the tens digit of (3 + h - n)*41?
4
Let n(o) = -o**2 - 6*o + 2. Let q(r) = 3*r**2 + 11*r - 5. Let a(y) = -5*n(y) - 2*q(y). Let u be a(7). Let p = u - -16. What is the units digit of p?
3
Suppose 0 = w + 1 - 118. Let m = w + -70. What is the units digit of m?
7
What is the units digit of ((-840)/200)/((-14)/20)?
6
Let u be (102/8)/(6/64). Suppose -l + 26 = -5*v, 5*l - 4*v - 99 = u. What is the tens digit of l?
5
Let j(a) = a**2 + 7*a + 10. Suppose 6 = -4*k - 18. Let h be j(k). Suppose 3*u = h*z + 21, 5*u - 33 = 5*z + 2. What is the units digit of u?
7
Let c = 1931 + 3029. What is the units digit of c?
0
Suppose -3*k = 2*k - 735. Suppose 4*b - 451 = -k. Suppose 6*q = 2*q + b. What is the units digit of q?
9
What is the hundreds digit of (-2790)/(-27)*(22/4 + -1)?
4
Suppose 7*j = 6*j + 40. Suppose -13 + j = -3*t. Let r = t + 11. What is the units digit of r?
2
Let p(q) = -q + 17. Suppose 4*k - n = 64, -2*n + 0*n = 3*k - 37. Let x be p(k). Suppose x = -z + 28. What is the tens digit of z?
2
Let x(s) = -s + 9. Let w be x(9). Let u be w - (2 - 4)*4. Suppose 2*o + 35 - u = 3*a, -4*a - 5*o + 59 = 0. What is the units digit of a?
1
Let t(l) = 31*l**2 - 7*l - 5. Let i be t(-2). Let v = 231 - i. What is the units digit of v?
8
Suppose 0 = 22*m - 15904 - 55970. What is the hundreds digit of m?
2
Suppose 2*a - 5*a = -12. Suppose -2*w - q + 5 = -0, 0 = 4*w - 5*q - 3. Suppose -3*x = w*r - a - 21, -3*r + x = -10. What is the units digit of r?
5
Suppose -2 = 3*o + 5*z - 1, -6 = 5*o + 4*z. Let m(v) = 14*v**2 + v. What is the units digit of m(o)?
4
Suppose 2*j - 444 = -2*l, 1094 = -0*l + 5*l + j. What is the hundreds digit of l?
2
Let s(d) = -96*d + 3. Suppose 0 = -2*r - 3*x - 5, -3*r + 1 = -4*x. Let p be s(r). Suppose 0 = 3*y - y + b - p, -4*y = 4*b - 208. What is the units digit of y?
7
Let u(p) = 12*p**3 - 8*p**3 - p - 5*p**3 - 3*p**2. Let o be u(-3). Suppose -5*b - o*a + 134 = 0, -2*a - 50 - 44 = -4*b. What is the tens digit of b?
2
Suppose -10*y = 4*o - 5*y - 578, -2*y = -5*o + 739. What is the tens digit of o?
4
Let i(r) = -r**3 - r + 14. Let q be i(0). Suppose 2*k + 5*h - 12 = 0, -5*k - 4*h - 6 = -6*k. Let d = q - k. What is the units digit of d?
8
Let a = -472 + 964. What is the hundreds digit of a?
4
What is the units digit of (20/(-30))/2 + (-13268)/(-6)?
1
Let w(u) = 14*u - 74. What is the units digit of w(17)?
4
Let t be (-57)/(-30)*46 + (-12)/30. Let h = -43 + t. What is the units digit of h?
4
Let g = 5626 - 3957. What is the hundreds digit of g?
6
Let n = -44 - -64. Suppose 2*h - 82 = n. Let v = h + -25. What is the tens digit of v?
2
Suppose -20*g = -19*g - 3. What is the units digit of (6 + 17)/(3/g)?
3
Suppose -4*s + 3*g = -85, 0*s - 2*s + 50 = -4*g. Let t(c) = -c**2 + 25*c + 1. What is the units digit of t(s)?
5
What is the tens digit of 1/(-9) - 5/(-180)*80284?
3
Suppose -27*z + 32*z = -b + 4750, 3*z + 9565 = 2*b. What is the units digit of b?
5
Suppose -3*f + 1470 = 3*u, -58 + 2016 = 4*u + 2*f. What is the hundreds digit of u?
4
Suppose 0*p - 15 = -5*p. Suppose -3 = p*f - 21. Suppose -3*l - 21 = -f*l. What is the units digit of l?
7
Let q = -17 + 776. What is the tens digit of q?
5
Suppose 0 = -5*x - b + 4080, 2*b = -3*x - 2*b + 2465. What is the hundreds digit of x?
8
Suppose -5*t + 4*x + 5 = 0, t - 4*t - 2*x = -3. Let j = -2 + t. What is the tens digit of (-1 + j)/((-1)/5)?
1
Suppose 7607 + 16717 = 12*u. What is the hundreds digit of u?
0
Suppose 3*p + 94 = -x + 546, 2*p - 300 = -2*x. What is the hundreds digit of p?
1
Let a(p) = -p**2 - 29*p + 2. What is the tens digit of a(-7)?
5
Let h = -568 - -922. What is the hundreds digit of h?
3
Suppose -d + 12 - 2 = 0. Let u be ((-4)/d)/((-10)/300). Suppose 0 = -4*o + 68 + u. What is the tens digit of o?
2
Suppose -272 = 25*u - 21*u. Let g = u - -141. What is the tens digit of g?
7
Suppose 4*a - 23*a + 15713 = 0. What is the hundreds digit of a?
8
Let i = -1610 + 3000. What is the units digit of i?
0
Suppose 0 = 3*m + 3*f - 285, 2*m - 14*f + 19*f - 175 = 0. What is the tens digit of m?
0
Let k = -27 + 20. Let j(x) = -x**2 - 12*x + 1. What is the tens digit of j(k)?
3
Let m = -8 - -12. Let w(c) be the second derivative of -c**5/20 + c**4/2 - c**3/6 + c**2 + 2*c. What is the tens digit of w(m)?
3
Suppose -32*u + 29*u = -189. Suppose 2*z - 107 + 2 = -5*s, -5*z + u = 2*s. What is the tens digit of s?
1
Let t = -518 - -754. Suppose 281 = 11*z - t. What i